{"id":4882,"date":"2025-03-04T11:25:06","date_gmt":"2025-03-04T10:25:06","guid":{"rendered":"https:\/\/cdtt34.fr\/?page_id=4882"},"modified":"2025-03-04T21:05:53","modified_gmt":"2025-03-04T20:05:53","slug":"le-ping-au-fil-du-temps","status":"publish","type":"page","link":"https:\/\/cdtt34.fr\/index.php\/nouvelles-pratiques\/le-ping-au-fil-du-temps\/","title":{"rendered":"LE PING AU FIL DU TEMPS"},"content":{"rendered":"\t\t<div data-elementor-type=\"wp-page\" data-elementor-id=\"4882\" class=\"elementor elementor-4882\">\n\t\t\t\t\t\t<section class=\"elementor-section elementor-top-section elementor-element elementor-element-d5f1991 elementor-section-boxed elementor-section-height-default elementor-section-height-default\" data-id=\"d5f1991\" data-element_type=\"section\">\n\t\t\t\t\t\t<div class=\"elementor-container elementor-column-gap-default\">\n\t\t\t\t\t<div class=\"elementor-column elementor-col-100 elementor-top-column elementor-element elementor-element-01c298d\" data-id=\"01c298d\" data-element_type=\"column\">\n\t\t\t<div class=\"elementor-widget-wrap elementor-element-populated\">\n\t\t\t\t\t\t<div class=\"elementor-element elementor-element-35a7957 elementor-widget elementor-widget-text-editor\" data-id=\"35a7957\" data-element_type=\"widget\" data-widget_type=\"text-editor.default\">\n\t\t\t\t<div class=\"elementor-widget-container\">\n\t\t\t\t\t\t\t\t\t<p><span style=\"color: #ffffff;\"><span style=\"text-decoration: underline;\"><span style=\"color: #ff00ff; text-decoration: underline;\">Le ping au fil du temps<\/span><\/span> est un \u00e9v\u00e8nement o\u00f9 nous permettons aux participants de pratiquer le tennis de table sous diff\u00e9rentes formes avec pour objectif de faire d\u00e9couvrir les 3 grandes \u00e9poques de notre sport\u00a0:<br \/><\/span><\/p><p><span style=\"color: #808080;\"><span style=\"text-decoration: underline; color: #ff00ff;\">Le HardBat<\/span><\/span> : <span style=\"color: #ffffff;\">est une pratique sans effet qui caract\u00e9rise la premi\u00e8re \u00e9poque du tennis de table o\u00f9 les joueurs n\u2019utilisaient pas les effets et avaient pour objectif principal de mettre en \u00e9chec leur adversaire.<\/span><br \/><span style=\"color: #808080;\"><span style=\"text-decoration: underline; color: #ff00ff;\">Le Tennis de Table moderne <\/span><span style=\"color: #ffffff;\">: <\/span><\/span><span style=\"color: #ffffff;\">place l\u2019attaque au premier plan car il se joue avec plus de vitesse et un recours accru aux effets. L\u2019objectif du joueur est de marquer le point en premier.<\/span> <br \/><span style=\"color: #808080;\"><span style=\"text-decoration: underline; color: #ff00ff;\">Le ping en R\u00e9alit\u00e9 Virtuelle<\/span><span style=\"color: #ffffff;\"> : <\/span><\/span><span style=\"color: #ffffff;\">repr\u00e9sente le ping du futur, il s\u2019agit de la pratique du tennis de table avec un casque de r\u00e9alit\u00e9 virtuelle. Pratiqu\u00e9 seulement depuis quelques ann\u00e9es, c\u2019est un jeu proche du tennis de table moderne, m\u00ealant les sensations du ping et du jeu vid\u00e9o.<\/span><\/p><p><span style=\"color: #ffffff;\">N&rsquo;h\u00e9sitez pas \u00e0 nous contacter si vous \u00eates int\u00e9ress\u00e9 pour organiser cet \u00e9v\u00e9nement.<\/span><br \/><span style=\"color: #ffffff;\"> Vous trouverez l&rsquo;affiche ci-dessous que nous modifierons pour la journ\u00e9e sur votre ville !<\/span><\/p>\t\t\t\t\t\t\t\t<\/div>\n\t\t\t\t<\/div>\n\t\t\t\t\t<\/div>\n\t\t<\/div>\n\t\t\t\t\t<\/div>\n\t\t<\/section>\n\t\t\t\t<section class=\"elementor-section elementor-top-section elementor-element elementor-element-c97fc90 elementor-section-boxed elementor-section-height-default elementor-section-height-default\" data-id=\"c97fc90\" data-element_type=\"section\">\n\t\t\t\t\t\t<div class=\"elementor-container elementor-column-gap-default\">\n\t\t\t\t\t<div class=\"elementor-column elementor-col-100 elementor-top-column elementor-element elementor-element-d768cb2\" data-id=\"d768cb2\" data-element_type=\"column\">\n\t\t\t<div class=\"elementor-widget-wrap elementor-element-populated\">\n\t\t\t\t\t\t<div class=\"elementor-element elementor-element-57ec5b4 elementor-widget elementor-widget-image\" data-id=\"57ec5b4\" data-element_type=\"widget\" data-widget_type=\"image.default\">\n\t\t\t\t<div class=\"elementor-widget-container\">\n\t\t\t\t\t\t\t\t\t\t\t\t\t\t\t<img fetchpriority=\"high\" decoding=\"async\" width=\"768\" height=\"1024\" src=\"https:\/\/cdtt34.fr\/wp-content\/uploads\/2025\/03\/affiche-11nusite-768x1024.png\" class=\"attachment-large size-large wp-image-4889\" alt=\"\" srcset=\"https:\/\/cdtt34.fr\/wp-content\/uploads\/2025\/03\/affiche-11nusite-768x1024.png 768w, https:\/\/cdtt34.fr\/wp-content\/uploads\/2025\/03\/affiche-11nusite-225x300.png 225w, https:\/\/cdtt34.fr\/wp-content\/uploads\/2025\/03\/affiche-11nusite.png 900w\" sizes=\"(max-width: 768px) 100vw, 768px\" \/>\t\t\t\t\t\t\t\t\t\t\t\t\t\t\t<\/div>\n\t\t\t\t<\/div>\n\t\t\t\t\t<\/div>\n\t\t<\/div>\n\t\t\t\t\t<\/div>\n\t\t<\/section>\n\t\t\t\t<\/div>\n\t\t","protected":false},"excerpt":{"rendered":"<p>Le ping au fil du temps est un \u00e9v\u00e8nement o\u00f9 nous permettons aux participants de pratiquer le tennis de table sous diff\u00e9rentes formes avec pour objectif de faire d\u00e9couvrir les 3 grandes \u00e9poques de notre sport\u00a0: Le HardBat : est une pratique sans effet qui caract\u00e9rise la premi\u00e8re \u00e9poque du tennis de table o\u00f9 les&hellip;&nbsp;<a href=\"https:\/\/cdtt34.fr\/index.php\/nouvelles-pratiques\/le-ping-au-fil-du-temps\/\" class=\"\" rel=\"bookmark\">Lire la suite &raquo;<span class=\"screen-reader-text\">LE PING AU FIL DU TEMPS<\/span><\/a><\/p>\n","protected":false},"author":1,"featured_media":4889,"parent":3781,"menu_order":1,"comment_status":"closed","ping_status":"closed","template":"page-templates\/template-pagebuilder-full-width.php","meta":{"neve_meta_sidebar":"","neve_meta_container":"","neve_meta_enable_content_width":"","neve_meta_content_width":0,"neve_meta_title_alignment":"","neve_meta_author_avatar":"","neve_post_elements_order":"","neve_meta_disable_header":"","neve_meta_disable_footer":"","neve_meta_disable_title":"","footnotes":""},"class_list":["post-4882","page","type-page","status-publish","has-post-thumbnail","hentry"],"_links":{"self":[{"href":"https:\/\/cdtt34.fr\/index.php\/wp-json\/wp\/v2\/pages\/4882","targetHints":{"allow":["GET"]}}],"collection":[{"href":"https:\/\/cdtt34.fr\/index.php\/wp-json\/wp\/v2\/pages"}],"about":[{"href":"https:\/\/cdtt34.fr\/index.php\/wp-json\/wp\/v2\/types\/page"}],"author":[{"embeddable":true,"href":"https:\/\/cdtt34.fr\/index.php\/wp-json\/wp\/v2\/users\/1"}],"replies":[{"embeddable":true,"href":"https:\/\/cdtt34.fr\/index.php\/wp-json\/wp\/v2\/comments?post=4882"}],"version-history":[{"count":13,"href":"https:\/\/cdtt34.fr\/index.php\/wp-json\/wp\/v2\/pages\/4882\/revisions"}],"predecessor-version":[{"id":4900,"href":"https:\/\/cdtt34.fr\/index.php\/wp-json\/wp\/v2\/pages\/4882\/revisions\/4900"}],"up":[{"embeddable":true,"href":"https:\/\/cdtt34.fr\/index.php\/wp-json\/wp\/v2\/pages\/3781"}],"wp:featuredmedia":[{"embeddable":true,"href":"https:\/\/cdtt34.fr\/index.php\/wp-json\/wp\/v2\/media\/4889"}],"wp:attachment":[{"href":"https:\/\/cdtt34.fr\/index.php\/wp-json\/wp\/v2\/media?parent=4882"}],"curies":[{"name":"wp","href":"https:\/\/api.w.org\/{rel}","templated":true}]}}