{"id":454,"date":"2022-03-15T18:30:17","date_gmt":"2022-03-15T17:30:17","guid":{"rendered":"http:\/\/cdtt34.fr\/?page_id=454"},"modified":"2026-04-05T08:53:45","modified_gmt":"2026-04-05T06:53:45","slug":"coupes-de-lherault","status":"publish","type":"page","link":"https:\/\/cdtt34.fr\/index.php\/coupes-de-lherault\/","title":{"rendered":"COUPES DE L&rsquo;H\u00c9RAULT"},"content":{"rendered":"\t\t<div data-elementor-type=\"wp-page\" data-elementor-id=\"454\" class=\"elementor elementor-454\">\n\t\t\t\t\t\t<section class=\"elementor-section elementor-top-section elementor-element elementor-element-6295f91 elementor-section-boxed elementor-section-height-default elementor-section-height-default\" data-id=\"6295f91\" data-element_type=\"section\">\n\t\t\t\t\t\t<div class=\"elementor-container elementor-column-gap-default\">\n\t\t\t\t\t<div class=\"elementor-column elementor-col-100 elementor-top-column elementor-element elementor-element-6e64599\" data-id=\"6e64599\" data-element_type=\"column\">\n\t\t\t<div class=\"elementor-widget-wrap elementor-element-populated\">\n\t\t\t\t\t\t<div class=\"elementor-element elementor-element-e326389 elementor-widget elementor-widget-text-editor\" data-id=\"e326389\" data-element_type=\"widget\" data-widget_type=\"text-editor.default\">\n\t\t\t\t<div class=\"elementor-widget-container\">\n\t\t\t\t\t\t\t\t\t<h3 style=\"font-weight: 400;\">C\u2019est parti pour toutes les Coupes de l\u2019H\u00e9rault !<\/h3><p style=\"font-weight: 400;\">Pour les Coupes \u00ab\u00a0Pierre LECLER\u00a0\u00bb et \u00ab\u00a0G\u00e9rard FABRE\u00a0\u00bb tableau \u00e0 \u00e9limination directe ou \u00e0 chaque tour sera \u00e9tabli l\u2019\u00e9quipe qui r\u00e9ceptionne.<\/p><p style=\"font-weight: 400;\">Pour les coupes \u00ab\u00a0Marc EXBRAYAT\u00a0\u00bb et \u00ab\u00a0Lucienne PICHARD\u00a0\u00bb une poule o\u00f9 toutes les \u00e9quipes se rencontrent et dont les deux \u00e9quipes qui finiront premi\u00e8res se rencontreront pour la finale.<\/p><p style=\"font-weight: 400;\">Pour le bon d\u00e9roulement des coupes merci de bien respecter les \u00e9ch\u00e9ances au niveau des dates et petit rappel de r\u00e8glement sur les compositions d\u2019\u00e9quipes dans les coupes EXBRAYAT, LECLER et FABRE la r\u00e8gle en cascade doit-\u00eatre respect\u00e9 par rapport aux num\u00e9ros d\u2019\u00e9quipes.<\/p><p style=\"font-weight: 400;\">Toutes les rencontres sont rentr\u00e9es dans SPID et vous pouvez jouer des maintenant. Les r\u00e9sultats doivent-\u00eatre remont\u00e9s via gire.<\/p><p style=\"font-weight: 400;\">Pour les coupe LECLER et FABRE la feuille de match est \u00e0 r\u00e9cup\u00e9rer dans feuille locale \u00ab D34 code 4012 \u00bb. Concernant l\u2019EXBRAYAT et PICHARD la feuille de match est bien param\u00e9tr\u00e9e.<\/p><p style=\"font-weight: 400;\">Dernier point n\u2019ayant pas eu les coordonn\u00e9es pour les responsables de toutes les \u00e9quipes engag\u00e9es pour les coupes, merci de contacter le responsable du club pour \u00e9tablir vos dates de rencontres.<\/p><h4 style=\"font-weight: 400;\"><strong><span style=\"color: #d20073;\">Contact : <a href=\"mailto:coupe.herault.cdtt34@gmail.com\"><span style=\"font-weight: 400;\">coupe.herault.cdtt34@gmail.com<\/span><\/a><\/span><\/strong><\/h4><h2>Dates de comp\u00e9tition<\/h2><h4>Coupe G\u00e9rard Fabre et Pierre Lecler<\/h4><ul><li><span style=\"text-decoration: underline;\"><strong>Huiti\u00e8mes de finale :<\/strong><\/span> 29 mars 2026<\/li><li><strong><span style=\"text-decoration: underline;\">Quarts de finale :<\/span> <\/strong>3 Mai\u00a0<\/li><li><strong><span style=\"text-decoration: underline;\">Demi-finales :<\/span> <\/strong>31 Mai\u00a0<\/li><li><strong><span style=\"text-decoration: underline;\">Finale :<\/span><\/strong> Juin (date \u00e0 d\u00e9terminer)<\/li><\/ul>\t\t\t\t\t\t\t\t<\/div>\n\t\t\t\t<\/div>\n\t\t\t\t<div class=\"elementor-element elementor-element-fd77c6b elementor-widget elementor-widget-heading\" data-id=\"fd77c6b\" data-element_type=\"widget\" data-widget_type=\"heading.default\">\n\t\t\t\t<div class=\"elementor-widget-container\">\n\t\t\t\t\t<h2 class=\"elementor-heading-title elementor-size-default\">Tirage Coupe Lecler<\/h2>\t\t\t\t<\/div>\n\t\t\t\t<\/div>\n\t\t\t\t<div class=\"elementor-element elementor-element-04309c3 elementor-widget elementor-widget-image\" data-id=\"04309c3\" data-element_type=\"widget\" data-widget_type=\"image.default\">\n\t\t\t\t<div class=\"elementor-widget-container\">\n\t\t\t\t\t\t\t\t\t\t\t\t\t\t\t<img fetchpriority=\"high\" decoding=\"async\" width=\"1024\" height=\"486\" src=\"https:\/\/cdtt34.fr\/wp-content\/uploads\/2026\/04\/coupe-lecler-v6-1024x486.jpg\" class=\"attachment-large size-large wp-image-5335\" alt=\"\" srcset=\"https:\/\/cdtt34.fr\/wp-content\/uploads\/2026\/04\/coupe-lecler-v6-1024x486.jpg 1024w, https:\/\/cdtt34.fr\/wp-content\/uploads\/2026\/04\/coupe-lecler-v6-300x142.jpg 300w, https:\/\/cdtt34.fr\/wp-content\/uploads\/2026\/04\/coupe-lecler-v6-768x365.jpg 768w, https:\/\/cdtt34.fr\/wp-content\/uploads\/2026\/04\/coupe-lecler-v6-1536x729.jpg 1536w, https:\/\/cdtt34.fr\/wp-content\/uploads\/2026\/04\/coupe-lecler-v6-2048x972.jpg 2048w\" sizes=\"(max-width: 1024px) 100vw, 1024px\" \/>\t\t\t\t\t\t\t\t\t\t\t\t\t\t\t<\/div>\n\t\t\t\t<\/div>\n\t\t\t\t<div class=\"elementor-element elementor-element-383cb4b elementor-widget elementor-widget-spacer\" data-id=\"383cb4b\" data-element_type=\"widget\" data-widget_type=\"spacer.default\">\n\t\t\t\t<div class=\"elementor-widget-container\">\n\t\t\t\t\t\t\t<div class=\"elementor-spacer\">\n\t\t\t<div class=\"elementor-spacer-inner\"><\/div>\n\t\t<\/div>\n\t\t\t\t\t\t<\/div>\n\t\t\t\t<\/div>\n\t\t\t\t<div class=\"elementor-element elementor-element-423f93b elementor-widget elementor-widget-heading\" data-id=\"423f93b\" data-element_type=\"widget\" data-widget_type=\"heading.default\">\n\t\t\t\t<div class=\"elementor-widget-container\">\n\t\t\t\t\t<h2 class=\"elementor-heading-title elementor-size-default\">Tirage Coupe Fabre<\/h2>\t\t\t\t<\/div>\n\t\t\t\t<\/div>\n\t\t\t\t<div class=\"elementor-element elementor-element-7f895a8 elementor-widget elementor-widget-image\" data-id=\"7f895a8\" data-element_type=\"widget\" data-widget_type=\"image.default\">\n\t\t\t\t<div class=\"elementor-widget-container\">\n\t\t\t\t\t\t\t\t\t\t\t\t\t\t\t<img decoding=\"async\" width=\"1024\" height=\"486\" src=\"https:\/\/cdtt34.fr\/wp-content\/uploads\/2026\/04\/coupe-fabre-v6-1024x486.jpg\" class=\"attachment-large size-large wp-image-5333\" alt=\"\" srcset=\"https:\/\/cdtt34.fr\/wp-content\/uploads\/2026\/04\/coupe-fabre-v6-1024x486.jpg 1024w, https:\/\/cdtt34.fr\/wp-content\/uploads\/2026\/04\/coupe-fabre-v6-300x142.jpg 300w, https:\/\/cdtt34.fr\/wp-content\/uploads\/2026\/04\/coupe-fabre-v6-768x365.jpg 768w, https:\/\/cdtt34.fr\/wp-content\/uploads\/2026\/04\/coupe-fabre-v6-1536x729.jpg 1536w, https:\/\/cdtt34.fr\/wp-content\/uploads\/2026\/04\/coupe-fabre-v6-2048x972.jpg 2048w\" sizes=\"(max-width: 1024px) 100vw, 1024px\" \/>\t\t\t\t\t\t\t\t\t\t\t\t\t\t\t<\/div>\n\t\t\t\t<\/div>\n\t\t\t\t<div class=\"elementor-element elementor-element-f22334c elementor-widget elementor-widget-spacer\" data-id=\"f22334c\" data-element_type=\"widget\" data-widget_type=\"spacer.default\">\n\t\t\t\t<div class=\"elementor-widget-container\">\n\t\t\t\t\t\t\t<div class=\"elementor-spacer\">\n\t\t\t<div class=\"elementor-spacer-inner\"><\/div>\n\t\t<\/div>\n\t\t\t\t\t\t<\/div>\n\t\t\t\t<\/div>\n\t\t\t\t<div class=\"elementor-element elementor-element-5dd1e7e elementor-widget elementor-widget-heading\" data-id=\"5dd1e7e\" data-element_type=\"widget\" data-widget_type=\"heading.default\">\n\t\t\t\t<div class=\"elementor-widget-container\">\n\t\t\t\t\t<h2 class=\"elementor-heading-title elementor-size-default\">Tirage Coupe Pichard<\/h2>\t\t\t\t<\/div>\n\t\t\t\t<\/div>\n\t\t\t\t<div class=\"elementor-element elementor-element-afc1599 elementor-widget elementor-widget-image\" data-id=\"afc1599\" data-element_type=\"widget\" data-widget_type=\"image.default\">\n\t\t\t\t<div class=\"elementor-widget-container\">\n\t\t\t\t\t\t\t\t\t\t\t\t\t\t\t<img decoding=\"async\" width=\"1024\" height=\"560\" src=\"https:\/\/cdtt34.fr\/wp-content\/uploads\/2026\/02\/coupe-pichard-1024x560.jpg\" class=\"attachment-large size-large wp-image-5272\" alt=\"\" srcset=\"https:\/\/cdtt34.fr\/wp-content\/uploads\/2026\/02\/coupe-pichard-1024x560.jpg 1024w, https:\/\/cdtt34.fr\/wp-content\/uploads\/2026\/02\/coupe-pichard-300x164.jpg 300w, https:\/\/cdtt34.fr\/wp-content\/uploads\/2026\/02\/coupe-pichard-768x420.jpg 768w, https:\/\/cdtt34.fr\/wp-content\/uploads\/2026\/02\/coupe-pichard.jpg 1500w\" sizes=\"(max-width: 1024px) 100vw, 1024px\" \/>\t\t\t\t\t\t\t\t\t\t\t\t\t\t\t<\/div>\n\t\t\t\t<\/div>\n\t\t\t\t<div class=\"elementor-element elementor-element-fe8a5f8 elementor-widget elementor-widget-spacer\" data-id=\"fe8a5f8\" data-element_type=\"widget\" data-widget_type=\"spacer.default\">\n\t\t\t\t<div class=\"elementor-widget-container\">\n\t\t\t\t\t\t\t<div class=\"elementor-spacer\">\n\t\t\t<div class=\"elementor-spacer-inner\"><\/div>\n\t\t<\/div>\n\t\t\t\t\t\t<\/div>\n\t\t\t\t<\/div>\n\t\t\t\t<div class=\"elementor-element elementor-element-ce33ec5 elementor-widget elementor-widget-heading\" data-id=\"ce33ec5\" data-element_type=\"widget\" data-widget_type=\"heading.default\">\n\t\t\t\t<div class=\"elementor-widget-container\">\n\t\t\t\t\t<h2 class=\"elementor-heading-title elementor-size-default\">Tirage Coupe Exbrayat<\/h2>\t\t\t\t<\/div>\n\t\t\t\t<\/div>\n\t\t\t\t<div class=\"elementor-element elementor-element-f6b9401 elementor-widget elementor-widget-image\" data-id=\"f6b9401\" data-element_type=\"widget\" data-widget_type=\"image.default\">\n\t\t\t\t<div class=\"elementor-widget-container\">\n\t\t\t\t\t\t\t\t\t\t\t\t\t\t\t<img loading=\"lazy\" decoding=\"async\" width=\"1024\" height=\"560\" src=\"https:\/\/cdtt34.fr\/wp-content\/uploads\/2026\/02\/coupe-Exbrayat-1024x560.jpg\" class=\"attachment-large size-large wp-image-5271\" alt=\"\" srcset=\"https:\/\/cdtt34.fr\/wp-content\/uploads\/2026\/02\/coupe-Exbrayat-1024x560.jpg 1024w, https:\/\/cdtt34.fr\/wp-content\/uploads\/2026\/02\/coupe-Exbrayat-300x164.jpg 300w, https:\/\/cdtt34.fr\/wp-content\/uploads\/2026\/02\/coupe-Exbrayat-768x420.jpg 768w, https:\/\/cdtt34.fr\/wp-content\/uploads\/2026\/02\/coupe-Exbrayat.jpg 1500w\" sizes=\"(max-width: 1024px) 100vw, 1024px\" \/>\t\t\t\t\t\t\t\t\t\t\t\t\t\t\t<\/div>\n\t\t\t\t<\/div>\n\t\t\t\t<div class=\"elementor-element elementor-element-dde2309 elementor-widget elementor-widget-spacer\" data-id=\"dde2309\" data-element_type=\"widget\" data-widget_type=\"spacer.default\">\n\t\t\t\t<div class=\"elementor-widget-container\">\n\t\t\t\t\t\t\t<div class=\"elementor-spacer\">\n\t\t\t<div class=\"elementor-spacer-inner\"><\/div>\n\t\t<\/div>\n\t\t\t\t\t\t<\/div>\n\t\t\t\t<\/div>\n\t\t\t\t<div class=\"elementor-element elementor-element-c65990e elementor-widget elementor-widget-spacer\" data-id=\"c65990e\" data-element_type=\"widget\" data-widget_type=\"spacer.default\">\n\t\t\t\t<div class=\"elementor-widget-container\">\n\t\t\t\t\t\t\t<div class=\"elementor-spacer\">\n\t\t\t<div class=\"elementor-spacer-inner\"><\/div>\n\t\t<\/div>\n\t\t\t\t\t\t<\/div>\n\t\t\t\t<\/div>\n\t\t\t\t\t<\/div>\n\t\t<\/div>\n\t\t\t\t\t<\/div>\n\t\t<\/section>\n\t\t\t\t<section class=\"elementor-section elementor-top-section elementor-element elementor-element-ec3a5a2 elementor-hidden-desktop elementor-hidden-tablet elementor-hidden-mobile elementor-section-boxed elementor-section-height-default elementor-section-height-default\" data-id=\"ec3a5a2\" data-element_type=\"section\">\n\t\t\t\t\t\t<div class=\"elementor-container elementor-column-gap-default\">\n\t\t\t\t\t<div class=\"elementor-column elementor-col-50 elementor-top-column elementor-element elementor-element-f5d7910\" data-id=\"f5d7910\" data-element_type=\"column\">\n\t\t\t<div class=\"elementor-widget-wrap elementor-element-populated\">\n\t\t\t\t\t\t<div class=\"elementor-element elementor-element-be9f1d6 elementor-align-right elementor-mobile-align-center elementor-widget elementor-widget-button\" data-id=\"be9f1d6\" data-element_type=\"widget\" data-widget_type=\"button.default\">\n\t\t\t\t<div class=\"elementor-widget-container\">\n\t\t\t\t\t\t\t\t\t<div class=\"elementor-button-wrapper\">\n\t\t\t\t\t<a class=\"elementor-button elementor-button-link elementor-size-sm\" href=\"https:\/\/cdtt34.fr\/wp-content\/uploads\/2026\/01\/coupes-herault-inscription.xlsx\" target=\"_blank\" rel=\"nofollow\" download=\"\">\n\t\t\t\t\t\t<span class=\"elementor-button-content-wrapper\">\n\t\t\t\t\t\t<span class=\"elementor-button-icon\">\n\t\t\t\t<i aria-hidden=\"true\" class=\"fas fa-file-download\"><\/i>\t\t\t<\/span>\n\t\t\t\t\t\t\t\t\t<span class=\"elementor-button-text\">T\u00e9l\u00e9charger le fichier d'inscription<\/span>\n\t\t\t\t\t<\/span>\n\t\t\t\t\t<\/a>\n\t\t\t\t<\/div>\n\t\t\t\t\t\t\t\t<\/div>\n\t\t\t\t<\/div>\n\t\t\t\t\t<\/div>\n\t\t<\/div>\n\t\t\t\t<div class=\"elementor-column elementor-col-50 elementor-top-column elementor-element elementor-element-119664a\" data-id=\"119664a\" data-element_type=\"column\">\n\t\t\t<div class=\"elementor-widget-wrap elementor-element-populated\">\n\t\t\t\t\t\t<div class=\"elementor-element elementor-element-00e29e5 elementor-align-left elementor-mobile-align-center elementor-widget elementor-widget-button\" data-id=\"00e29e5\" data-element_type=\"widget\" data-widget_type=\"button.default\">\n\t\t\t\t<div class=\"elementor-widget-container\">\n\t\t\t\t\t\t\t\t\t<div class=\"elementor-button-wrapper\">\n\t\t\t\t\t<a class=\"elementor-button elementor-button-link elementor-size-sm\" href=\"https:\/\/cdtt34.fr\/wp-content\/uploads\/2026\/01\/coupes-herault-correspondants.xlsx\" target=\"_blank\" rel=\"nofollow\" download=\"\">\n\t\t\t\t\t\t<span class=\"elementor-button-content-wrapper\">\n\t\t\t\t\t\t<span class=\"elementor-button-icon\">\n\t\t\t\t<i aria-hidden=\"true\" class=\"fas fa-file-download\"><\/i>\t\t\t<\/span>\n\t\t\t\t\t\t\t\t\t<span class=\"elementor-button-text\">T\u00e9l\u00e9charger le fichier des correspondants<\/span>\n\t\t\t\t\t<\/span>\n\t\t\t\t\t<\/a>\n\t\t\t\t<\/div>\n\t\t\t\t\t\t\t\t<\/div>\n\t\t\t\t<\/div>\n\t\t\t\t\t<\/div>\n\t\t<\/div>\n\t\t\t\t\t<\/div>\n\t\t<\/section>\n\t\t\t\t<section class=\"elementor-section elementor-top-section elementor-element elementor-element-0ee9bc5 elementor-section-boxed elementor-section-height-default elementor-section-height-default\" data-id=\"0ee9bc5\" data-element_type=\"section\">\n\t\t\t\t\t\t<div class=\"elementor-container elementor-column-gap-default\">\n\t\t\t\t\t<div class=\"elementor-column elementor-col-100 elementor-top-column elementor-element elementor-element-a58ddf3\" data-id=\"a58ddf3\" data-element_type=\"column\">\n\t\t\t<div class=\"elementor-widget-wrap elementor-element-populated\">\n\t\t\t\t\t\t<div class=\"elementor-element elementor-element-43fa790 elementor-widget elementor-widget-spacer\" data-id=\"43fa790\" data-element_type=\"widget\" data-widget_type=\"spacer.default\">\n\t\t\t\t<div class=\"elementor-widget-container\">\n\t\t\t\t\t\t\t<div class=\"elementor-spacer\">\n\t\t\t<div class=\"elementor-spacer-inner\"><\/div>\n\t\t<\/div>\n\t\t\t\t\t\t<\/div>\n\t\t\t\t<\/div>\n\t\t\t\t<div class=\"elementor-element elementor-element-7e25cdc elementor-widget elementor-widget-heading\" data-id=\"7e25cdc\" data-element_type=\"widget\" data-widget_type=\"heading.default\">\n\t\t\t\t<div class=\"elementor-widget-container\">\n\t\t\t\t\t<h3 class=\"elementor-heading-title elementor-size-default\">R\u00e8glement de la comp\u00e9tition<\/h3>\t\t\t\t<\/div>\n\t\t\t\t<\/div>\n\t\t\t\t<div class=\"elementor-element elementor-element-7b0eebe elementor-widget elementor-widget-button\" data-id=\"7b0eebe\" data-element_type=\"widget\" data-widget_type=\"button.default\">\n\t\t\t\t<div class=\"elementor-widget-container\">\n\t\t\t\t\t\t\t\t\t<div class=\"elementor-button-wrapper\">\n\t\t\t\t\t<a class=\"elementor-button elementor-button-link elementor-size-sm\" href=\"https:\/\/cdtt34.fr\/wp-content\/uploads\/2026\/01\/reglement-coupe-herault-2026.pdf\" target=\"_blank\" download=\"\">\n\t\t\t\t\t\t<span class=\"elementor-button-content-wrapper\">\n\t\t\t\t\t\t<span class=\"elementor-button-icon\">\n\t\t\t\t<i aria-hidden=\"true\" class=\"fas fa-file-download\"><\/i>\t\t\t<\/span>\n\t\t\t\t\t\t\t\t\t<span class=\"elementor-button-text\">T\u00e9l\u00e9charger le r\u00e8glement<\/span>\n\t\t\t\t\t<\/span>\n\t\t\t\t\t<\/a>\n\t\t\t\t<\/div>\n\t\t\t\t\t\t\t\t<\/div>\n\t\t\t\t<\/div>\n\t\t\t\t<div class=\"elementor-element elementor-element-7f13ef9 elementor-widget elementor-widget-pdf_viewer\" data-id=\"7f13ef9\" data-element_type=\"widget\" data-widget_type=\"pdf_viewer.default\">\n\t\t\t\t<div class=\"elementor-widget-container\">\n\t\t\t\t\t<iframe src=\"https:\/\/docs.google.com\/viewer?url=https:\/\/cdtt34.fr\/wp-content\/uploads\/2026\/01\/reglement-coupe-herault-2026.pdf&amp;embedded=true\" style=\"display: block; margin-left: auto; margin-right: auto; width: 640px; height: 1020px;\" frameborder=\"1\" marginheight=\"0px\" marginwidth=\"0px\" allowfullscreen><\/iframe>\t\t\t\t<\/div>\n\t\t\t\t<\/div>\n\t\t\t\t\t<\/div>\n\t\t<\/div>\n\t\t\t\t\t<\/div>\n\t\t<\/section>\n\t\t\t\t<\/div>\n\t\t","protected":false},"excerpt":{"rendered":"<p>C\u2019est parti pour toutes les Coupes de l\u2019H\u00e9rault ! Pour les Coupes \u00ab\u00a0Pierre LECLER\u00a0\u00bb et \u00ab\u00a0G\u00e9rard FABRE\u00a0\u00bb tableau \u00e0 \u00e9limination directe ou \u00e0 chaque tour sera \u00e9tabli l\u2019\u00e9quipe qui r\u00e9ceptionne. Pour les coupes \u00ab\u00a0Marc EXBRAYAT\u00a0\u00bb et \u00ab\u00a0Lucienne PICHARD\u00a0\u00bb une poule o\u00f9 toutes les \u00e9quipes se rencontrent et dont les deux \u00e9quipes qui finiront premi\u00e8res se&hellip;&nbsp;<a href=\"https:\/\/cdtt34.fr\/index.php\/coupes-de-lherault\/\" class=\"\" rel=\"bookmark\">Lire la suite &raquo;<span class=\"screen-reader-text\">COUPES DE L&rsquo;H\u00c9RAULT<\/span><\/a><\/p>\n","protected":false},"author":1,"featured_media":1815,"parent":0,"menu_order":0,"comment_status":"closed","ping_status":"closed","template":"","meta":{"neve_meta_sidebar":"","neve_meta_container":"","neve_meta_enable_content_width":"","neve_meta_content_width":0,"neve_meta_title_alignment":"","neve_meta_author_avatar":"","neve_post_elements_order":"","neve_meta_disable_header":"","neve_meta_disable_footer":"","neve_meta_disable_title":"","footnotes":""},"class_list":["post-454","page","type-page","status-publish","has-post-thumbnail","hentry"],"_links":{"self":[{"href":"https:\/\/cdtt34.fr\/index.php\/wp-json\/wp\/v2\/pages\/454","targetHints":{"allow":["GET"]}}],"collection":[{"href":"https:\/\/cdtt34.fr\/index.php\/wp-json\/wp\/v2\/pages"}],"about":[{"href":"https:\/\/cdtt34.fr\/index.php\/wp-json\/wp\/v2\/types\/page"}],"author":[{"embeddable":true,"href":"https:\/\/cdtt34.fr\/index.php\/wp-json\/wp\/v2\/users\/1"}],"replies":[{"embeddable":true,"href":"https:\/\/cdtt34.fr\/index.php\/wp-json\/wp\/v2\/comments?post=454"}],"version-history":[{"count":108,"href":"https:\/\/cdtt34.fr\/index.php\/wp-json\/wp\/v2\/pages\/454\/revisions"}],"predecessor-version":[{"id":5338,"href":"https:\/\/cdtt34.fr\/index.php\/wp-json\/wp\/v2\/pages\/454\/revisions\/5338"}],"wp:featuredmedia":[{"embeddable":true,"href":"https:\/\/cdtt34.fr\/index.php\/wp-json\/wp\/v2\/media\/1815"}],"wp:attachment":[{"href":"https:\/\/cdtt34.fr\/index.php\/wp-json\/wp\/v2\/media?parent=454"}],"curies":[{"name":"wp","href":"https:\/\/api.w.org\/{rel}","templated":true}]}}