{"id":422,"date":"2022-03-07T19:42:08","date_gmt":"2022-03-07T18:42:08","guid":{"rendered":"http:\/\/cdtt34.fr\/?page_id=422"},"modified":"2023-03-15T21:34:31","modified_gmt":"2023-03-15T20:34:31","slug":"manifestations","status":"publish","type":"page","link":"https:\/\/cdtt34.fr\/index.php\/manifestations\/","title":{"rendered":"MANIFESTATIONS"},"content":{"rendered":"<div class=\"wp-block-image\">\n<figure class=\"aligncenter size-full\"><img fetchpriority=\"high\" decoding=\"async\" width=\"218\" height=\"366\" src=\"https:\/\/cdtt34.fr\/wp-content\/uploads\/2023\/03\/logo-2023.png\" alt=\"\" class=\"wp-image-2536\" srcset=\"https:\/\/cdtt34.fr\/wp-content\/uploads\/2023\/03\/logo-2023.png 218w, https:\/\/cdtt34.fr\/wp-content\/uploads\/2023\/03\/logo-2023-179x300.png 179w\" sizes=\"(max-width: 218px) 100vw, 218px\" \/><\/figure>\n<\/div>\n\n\n<div style=\"height:100px\" aria-hidden=\"true\" class=\"wp-block-spacer\"><\/div>\n\n\n\n<p>Cette ann\u00e9e nous serons de nouveau pr\u00e9sent\u00b7e \u00e0 la <a href=\"https:\/\/www.facebook.com\/FoirePrintempsMtp?__cft__[0]=AZVdhsqCt-9nMShZ65YOWhvaK86cCDRYToUKHsAEpxZlENL5RlGZFokhdit4uQcCQ_xowAABp5WtdinrvPC4foVndqCMFhGt9uKSHj5bSOACvLcdmXalMQ5I4-b9hCWGNSQy-BSfYtlz0BeGgDS2SqLdSzMGUWUE67Z5Ldul35r7poch7AMV-49_-rtZ1Cup0Z4&amp;__tn__=-]K-R\"><mark style=\"background-color:rgba(0, 0, 0, 0)\" class=\"has-inline-color has-nv-text-dark-bg-color\">Foire de Printemps Montpellier<\/mark><\/a> au Parc des Expositions \u00e0 l&rsquo;univers loisirs et sports dans le Hall B3 <img decoding=\"async\" height=\"16\" width=\"16\" src=\"https:\/\/static.xx.fbcdn.net\/images\/emoji.php\/v9\/t76\/1\/16\/1f938.png\" alt=\"\ud83e\udd38\"><\/p>\n\n\n\n<p>Nous <a><\/a>proposerons le jeu Eleven Table Tennis avec notre casque de r\u00e9alit\u00e9 virtuelle et des jeux sur grande et mini table ! <img decoding=\"async\" height=\"16\" width=\"16\" alt=\"\ud83c\udfd3\" src=\"https:\/\/static.xx.fbcdn.net\/images\/emoji.php\/v9\/tda\/1\/16\/1f3d3.png\"><\/p>\n\n\n\n<p>Rejoignez-nous et obtenez des billets pour profiter de tous les univers et concerts ! <img loading=\"lazy\" decoding=\"async\" height=\"16\" width=\"16\" alt=\"\ud83d\udc4c\" src=\"https:\/\/static.xx.fbcdn.net\/images\/emoji.php\/v9\/t7b\/1\/16\/1f44c.png\"><\/p>\n\n\n\n<p><img loading=\"lazy\" decoding=\"async\" height=\"16\" width=\"16\" alt=\"\ud83c\udfe1\" src=\"https:\/\/static.xx.fbcdn.net\/images\/emoji.php\/v9\/t77\/1\/16\/1f3e1.png\"> Maison &amp; Jardin<\/p>\n\n\n\n<p><img loading=\"lazy\" decoding=\"async\" height=\"16\" width=\"16\" alt=\"\ud83e\udd57\" src=\"https:\/\/static.xx.fbcdn.net\/images\/emoji.php\/v9\/t33\/1\/16\/1f957.png\"> Gastronomie<\/p>\n\n\n\n<p><img loading=\"lazy\" decoding=\"async\" height=\"16\" width=\"16\" alt=\"\ud83d\udc57\" src=\"https:\/\/static.xx.fbcdn.net\/images\/emoji.php\/v9\/tee\/1\/16\/1f457.png\"> Shopping<\/p>\n\n\n\n<p><img loading=\"lazy\" decoding=\"async\" height=\"16\" width=\"16\" alt=\"\ud83d\udc69\u200d\ud83c\udf93\" src=\"https:\/\/static.xx.fbcdn.net\/images\/emoji.php\/v9\/t91\/1\/16\/1f469_200d_1f393.png\"> Vivons demain<\/p>\n\n\n\n<p><img loading=\"lazy\" decoding=\"async\" height=\"16\" width=\"16\" alt=\"\ud83d\udc76\" src=\"https:\/\/static.xx.fbcdn.net\/images\/emoji.php\/v9\/tab\/1\/16\/1f476.png\"> Na\u00eetre et Grandir<\/p>\n\n\n\n<p><img loading=\"lazy\" decoding=\"async\" height=\"16\" width=\"16\" alt=\"\ud83d\udc49\" src=\"https:\/\/static.xx.fbcdn.net\/images\/emoji.php\/v9\/t51\/1\/16\/1f449.png\"> Plus d&rsquo;informations : <a href=\"https:\/\/l.facebook.com\/l.php?u=https%3A%2F%2Fwww.foiredeprintemps-montpellier.com%2F%3Ffbclid%3DIwAR0oHNm26QAnTHKNgsLRo9wmbJ5JdSEFlXY45ZMrhcP1hlmHRx5-oE1OOew&amp;h=AT13a61A2g_aMQnZjcPmzLCcfdmmzJ3yHtS_m7hfCtCRmD4xU99dTrlnCq1ml74GoR-3ejQK8ueQPPJ1TyG8ofK3ePDuA-qHDHUlYLazfeIkmNVXx_C91dlRVUrcQ_CZK5z7IZEpx0SMyc3xVw&amp;__tn__=-UK-R&amp;c[0]=AT3T_ie7O678sqaDRdurfHelkdk_kQriqCk1shQaRZqGvGn6sihcJAP7RYwlJUw3J8Boyu_K2LN-Yp7VhquX1f26lRclWROcLrHvT-3BKPpb-1VHo2PEkXBmKxgiQzB-LPyi43WQo1ByYCSoILUwbs9-oXKuI5qAACg2QM7z1gawLvoIOCOyUGdqqPTmmwYOUUVC2YYXSezg\" rel=\"noreferrer noopener\" target=\"_blank\">https:\/\/www.foiredeprintemps-montpellier.com\/<\/a><\/p>\n","protected":false},"excerpt":{"rendered":"<p>Cette ann\u00e9e nous serons de nouveau pr\u00e9sent\u00b7e \u00e0 la Foire de Printemps Montpellier au Parc des Expositions \u00e0 l&rsquo;univers loisirs et sports dans le Hall B3 Nous proposerons le jeu Eleven Table Tennis avec notre casque de r\u00e9alit\u00e9 virtuelle et des jeux sur grande et mini table ! Rejoignez-nous et obtenez des billets pour profiter&hellip;&nbsp;<a href=\"https:\/\/cdtt34.fr\/index.php\/manifestations\/\" class=\"\" rel=\"bookmark\">Lire la suite &raquo;<span class=\"screen-reader-text\">MANIFESTATIONS<\/span><\/a><\/p>\n","protected":false},"author":1,"featured_media":2541,"parent":0,"menu_order":0,"comment_status":"closed","ping_status":"closed","template":"","meta":{"neve_meta_sidebar":"","neve_meta_container":"","neve_meta_enable_content_width":"","neve_meta_content_width":0,"neve_meta_title_alignment":"","neve_meta_author_avatar":"","neve_post_elements_order":"","neve_meta_disable_header":"","neve_meta_disable_footer":"","neve_meta_disable_title":"","footnotes":""},"class_list":["post-422","page","type-page","status-publish","has-post-thumbnail","hentry"],"_links":{"self":[{"href":"https:\/\/cdtt34.fr\/index.php\/wp-json\/wp\/v2\/pages\/422","targetHints":{"allow":["GET"]}}],"collection":[{"href":"https:\/\/cdtt34.fr\/index.php\/wp-json\/wp\/v2\/pages"}],"about":[{"href":"https:\/\/cdtt34.fr\/index.php\/wp-json\/wp\/v2\/types\/page"}],"author":[{"embeddable":true,"href":"https:\/\/cdtt34.fr\/index.php\/wp-json\/wp\/v2\/users\/1"}],"replies":[{"embeddable":true,"href":"https:\/\/cdtt34.fr\/index.php\/wp-json\/wp\/v2\/comments?post=422"}],"version-history":[{"count":4,"href":"https:\/\/cdtt34.fr\/index.php\/wp-json\/wp\/v2\/pages\/422\/revisions"}],"predecessor-version":[{"id":2540,"href":"https:\/\/cdtt34.fr\/index.php\/wp-json\/wp\/v2\/pages\/422\/revisions\/2540"}],"wp:featuredmedia":[{"embeddable":true,"href":"https:\/\/cdtt34.fr\/index.php\/wp-json\/wp\/v2\/media\/2541"}],"wp:attachment":[{"href":"https:\/\/cdtt34.fr\/index.php\/wp-json\/wp\/v2\/media?parent=422"}],"curies":[{"name":"wp","href":"https:\/\/api.w.org\/{rel}","templated":true}]}}