{"id":2601,"date":"2023-04-17T21:37:03","date_gmt":"2023-04-17T19:37:03","guid":{"rendered":"https:\/\/cdtt34.fr\/?page_id=2601"},"modified":"2023-10-04T14:30:40","modified_gmt":"2023-10-04T12:30:40","slug":"gdvb","status":"publish","type":"page","link":"https:\/\/cdtt34.fr\/index.php\/gdvb\/","title":{"rendered":"GDVB"},"content":{"rendered":"\t\t<div data-elementor-type=\"wp-page\" data-elementor-id=\"2601\" class=\"elementor elementor-2601\">\n\t\t\t\t\t\t<section class=\"elementor-section elementor-top-section elementor-element elementor-element-0fe8334 elementor-section-boxed elementor-section-height-default elementor-section-height-default\" data-id=\"0fe8334\" data-element_type=\"section\">\n\t\t\t\t\t\t<div class=\"elementor-container elementor-column-gap-default\">\n\t\t\t\t\t<div class=\"elementor-column elementor-col-33 elementor-top-column elementor-element elementor-element-71c9d58\" data-id=\"71c9d58\" data-element_type=\"column\">\n\t\t\t<div class=\"elementor-widget-wrap elementor-element-populated\">\n\t\t\t\t\t\t<div class=\"elementor-element elementor-element-c2b124e elementor-widget elementor-widget-spacer\" data-id=\"c2b124e\" data-element_type=\"widget\" data-widget_type=\"spacer.default\">\n\t\t\t\t<div class=\"elementor-widget-container\">\n\t\t\t\t\t\t\t<div class=\"elementor-spacer\">\n\t\t\t<div class=\"elementor-spacer-inner\"><\/div>\n\t\t<\/div>\n\t\t\t\t\t\t<\/div>\n\t\t\t\t<\/div>\n\t\t\t\t<div class=\"elementor-element elementor-element-85d87b5 elementor-invisible elementor-widget elementor-widget-image\" data-id=\"85d87b5\" data-element_type=\"widget\" data-settings=\"{&quot;_animation&quot;:&quot;rotateInUpRight&quot;}\" data-widget_type=\"image.default\">\n\t\t\t\t<div class=\"elementor-widget-container\">\n\t\t\t\t\t\t\t\t\t\t\t\t\t\t\t<img fetchpriority=\"high\" decoding=\"async\" width=\"2048\" height=\"1365\" src=\"https:\/\/cdtt34.fr\/wp-content\/uploads\/2023\/04\/336787170_744545573889031_6754826321105577052_n.jpg\" class=\"attachment-full size-full wp-image-2612\" alt=\"\" srcset=\"https:\/\/cdtt34.fr\/wp-content\/uploads\/2023\/04\/336787170_744545573889031_6754826321105577052_n.jpg 2048w, https:\/\/cdtt34.fr\/wp-content\/uploads\/2023\/04\/336787170_744545573889031_6754826321105577052_n-300x200.jpg 300w, https:\/\/cdtt34.fr\/wp-content\/uploads\/2023\/04\/336787170_744545573889031_6754826321105577052_n-1024x683.jpg 1024w, https:\/\/cdtt34.fr\/wp-content\/uploads\/2023\/04\/336787170_744545573889031_6754826321105577052_n-768x512.jpg 768w, https:\/\/cdtt34.fr\/wp-content\/uploads\/2023\/04\/336787170_744545573889031_6754826321105577052_n-1536x1024.jpg 1536w, https:\/\/cdtt34.fr\/wp-content\/uploads\/2023\/04\/336787170_744545573889031_6754826321105577052_n-930x620.jpg 930w\" sizes=\"(max-width: 2048px) 100vw, 2048px\" \/>\t\t\t\t\t\t\t\t\t\t\t\t\t\t\t<\/div>\n\t\t\t\t<\/div>\n\t\t\t\t\t<\/div>\n\t\t<\/div>\n\t\t\t\t<div class=\"elementor-column elementor-col-66 elementor-top-column elementor-element elementor-element-9b193bc\" data-id=\"9b193bc\" data-element_type=\"column\">\n\t\t\t<div class=\"elementor-widget-wrap elementor-element-populated\">\n\t\t\t\t\t\t<div class=\"elementor-element elementor-element-b4b5b47 elementor-widget elementor-widget-text-editor\" data-id=\"b4b5b47\" data-element_type=\"widget\" data-widget_type=\"text-editor.default\">\n\t\t\t\t<div class=\"elementor-widget-container\">\n\t\t\t\t\t\t\t\t\t<p>Le constat inqui\u00e9tant sur le niveau d&rsquo;activit\u00e9 physique des jeunes est \u00e0 l&rsquo;origine d&rsquo;un travail de partenariat qui r\u00e9unit depuis 6 ans, \u00c9pidaure, d\u00e9partement pr\u00e9vention de l&rsquo;institut du cancer de Montpellier, le rectorat de l&rsquo;Acad\u00e9mie de Montpellier, l&rsquo;Agence R\u00e9gionale de sant\u00e9 Occitanie (ARS Occitanie), la Direction R\u00e9gionale de la Jeunesse, des sports et de la coh\u00e9sion sociale Occitanie (DRAJES D\u00e9l\u00e9gation R\u00e9gionale Acad\u00e9mie \u00e0 la Jeunesse \u00e0 l&rsquo;Engagement et aux Sports) et le Grand D\u00e9fi Pierre Lavoie (GDPL).<\/p>\n<p>L&rsquo;objectif de ces partenaires, r\u00e9pr\u00e9sent\u00e9s par des chercheurs, des enseignants, des charg\u00e9s de mission et des m\u00e9decins de sant\u00e9 publique, est de proposer un projet \u00ab\u00a0clef en main\u00a0\u00bb, valide p\u00e9dagogiquement et scientifiquement, qui encourage les enfants \u00e0 prendre de bonnes habitudes de vie, notamment celle de pratiquer au minimum une heure d&rsquo;activit\u00e9 physique quotidienne.<\/p>\n<p>C&rsquo;est ce travail de collaboration qui a abouti \u00e0 la cr\u00e9ation du Grand D\u00e9fi Vivez Bougez (GDVB).<\/p>\t\t\t\t\t\t\t\t<\/div>\n\t\t\t\t<\/div>\n\t\t\t\t\t<\/div>\n\t\t<\/div>\n\t\t\t\t\t<\/div>\n\t\t<\/section>\n\t\t\t\t<section class=\"elementor-section elementor-top-section elementor-element elementor-element-63f36ab elementor-section-boxed elementor-section-height-default elementor-section-height-default\" data-id=\"63f36ab\" data-element_type=\"section\">\n\t\t\t\t\t\t<div class=\"elementor-container elementor-column-gap-default\">\n\t\t\t\t\t<div class=\"elementor-column elementor-col-100 elementor-top-column elementor-element elementor-element-a84bfdf\" data-id=\"a84bfdf\" data-element_type=\"column\">\n\t\t\t<div class=\"elementor-widget-wrap elementor-element-populated\">\n\t\t\t\t\t\t<div class=\"elementor-element elementor-element-c4e8e3f elementor-arrows-position-inside elementor-invisible elementor-widget elementor-widget-image-carousel\" data-id=\"c4e8e3f\" data-element_type=\"widget\" data-settings=\"{&quot;slides_to_show&quot;:&quot;2&quot;,&quot;navigation&quot;:&quot;arrows&quot;,&quot;_animation&quot;:&quot;rotateInDownRight&quot;,&quot;autoplay&quot;:&quot;yes&quot;,&quot;pause_on_hover&quot;:&quot;yes&quot;,&quot;pause_on_interaction&quot;:&quot;yes&quot;,&quot;autoplay_speed&quot;:5000,&quot;infinite&quot;:&quot;yes&quot;,&quot;speed&quot;:500,&quot;image_spacing_custom&quot;:{&quot;unit&quot;:&quot;px&quot;,&quot;size&quot;:20,&quot;sizes&quot;:[]},&quot;image_spacing_custom_tablet&quot;:{&quot;unit&quot;:&quot;px&quot;,&quot;size&quot;:&quot;&quot;,&quot;sizes&quot;:[]},&quot;image_spacing_custom_mobile&quot;:{&quot;unit&quot;:&quot;px&quot;,&quot;size&quot;:&quot;&quot;,&quot;sizes&quot;:[]}}\" data-widget_type=\"image-carousel.default\">\n\t\t\t\t<div class=\"elementor-widget-container\">\n\t\t\t\t\t\t\t<div class=\"elementor-image-carousel-wrapper swiper\" role=\"region\" aria-roledescription=\"carousel\" aria-label=\"Carrousel d\u2019images\" dir=\"ltr\">\n\t\t\t<div class=\"elementor-image-carousel swiper-wrapper\" aria-live=\"off\">\n\t\t\t\t\t\t\t\t<div class=\"swiper-slide\" role=\"group\" aria-roledescription=\"slide\" aria-label=\"1 sur 7\"><figure class=\"swiper-slide-inner\"><img decoding=\"async\" class=\"swiper-slide-image\" src=\"https:\/\/cdtt34.fr\/wp-content\/uploads\/2023\/04\/336921168_887735939001516_7034682718815004145_n.jpg\" alt=\"336921168_887735939001516_7034682718815004145_n\" \/><\/figure><\/div><div class=\"swiper-slide\" role=\"group\" aria-roledescription=\"slide\" aria-label=\"2 sur 7\"><figure class=\"swiper-slide-inner\"><img decoding=\"async\" class=\"swiper-slide-image\" src=\"https:\/\/cdtt34.fr\/wp-content\/uploads\/2023\/04\/336896790_747385060321147_5779661987637139796_n.jpg\" alt=\"336896790_747385060321147_5779661987637139796_n\" \/><\/figure><\/div><div class=\"swiper-slide\" role=\"group\" aria-roledescription=\"slide\" aria-label=\"3 sur 7\"><figure class=\"swiper-slide-inner\"><img decoding=\"async\" class=\"swiper-slide-image\" src=\"https:\/\/cdtt34.fr\/wp-content\/uploads\/2023\/04\/336791215_3623346087991447_8413485467322929409_n.jpg\" alt=\"336791215_3623346087991447_8413485467322929409_n\" \/><\/figure><\/div><div class=\"swiper-slide\" role=\"group\" aria-roledescription=\"slide\" aria-label=\"4 sur 7\"><figure class=\"swiper-slide-inner\"><img decoding=\"async\" class=\"swiper-slide-image\" src=\"https:\/\/cdtt34.fr\/wp-content\/uploads\/2023\/04\/336909048_6022614634494237_1152877170411831403_n.jpg\" alt=\"336909048_6022614634494237_1152877170411831403_n\" \/><\/figure><\/div><div class=\"swiper-slide\" role=\"group\" aria-roledescription=\"slide\" aria-label=\"5 sur 7\"><figure class=\"swiper-slide-inner\"><img decoding=\"async\" class=\"swiper-slide-image\" src=\"https:\/\/cdtt34.fr\/wp-content\/uploads\/2023\/04\/336892916_1416030095837102_5960806360368534213_n.jpg\" alt=\"336892916_1416030095837102_5960806360368534213_n\" \/><\/figure><\/div><div class=\"swiper-slide\" role=\"group\" aria-roledescription=\"slide\" aria-label=\"6 sur 7\"><figure class=\"swiper-slide-inner\"><img decoding=\"async\" class=\"swiper-slide-image\" src=\"https:\/\/cdtt34.fr\/wp-content\/uploads\/2023\/04\/336787951_778470760299439_2753891615003016892_n.jpg\" alt=\"336787951_778470760299439_2753891615003016892_n\" \/><\/figure><\/div><div class=\"swiper-slide\" role=\"group\" aria-roledescription=\"slide\" aria-label=\"7 sur 7\"><figure class=\"swiper-slide-inner\"><img decoding=\"async\" class=\"swiper-slide-image\" src=\"https:\/\/cdtt34.fr\/wp-content\/uploads\/2023\/04\/Site-web-2-1.png\" alt=\"Site-web-2-1\" \/><\/figure><\/div>\t\t\t<\/div>\n\t\t\t\t\t\t\t\t\t\t\t\t<div class=\"elementor-swiper-button elementor-swiper-button-prev\" role=\"button\" tabindex=\"0\">\n\t\t\t\t\t\t<i aria-hidden=\"true\" class=\"eicon-chevron-left\"><\/i>\t\t\t\t\t<\/div>\n\t\t\t\t\t<div class=\"elementor-swiper-button elementor-swiper-button-next\" role=\"button\" tabindex=\"0\">\n\t\t\t\t\t\t<i aria-hidden=\"true\" class=\"eicon-chevron-right\"><\/i>\t\t\t\t\t<\/div>\n\t\t\t\t\n\t\t\t\t\t\t\t\t\t<\/div>\n\t\t\t\t\t\t<\/div>\n\t\t\t\t<\/div>\n\t\t\t\t\t<\/div>\n\t\t<\/div>\n\t\t\t\t\t<\/div>\n\t\t<\/section>\n\t\t\t\t<\/div>\n\t\t","protected":false},"excerpt":{"rendered":"<p>Le constat inqui\u00e9tant sur le niveau d&rsquo;activit\u00e9 physique des jeunes est \u00e0 l&rsquo;origine d&rsquo;un travail de partenariat qui r\u00e9unit depuis 6 ans, \u00c9pidaure, d\u00e9partement pr\u00e9vention de l&rsquo;institut du cancer de Montpellier, le rectorat de l&rsquo;Acad\u00e9mie de Montpellier, l&rsquo;Agence R\u00e9gionale de sant\u00e9 Occitanie (ARS Occitanie), la Direction R\u00e9gionale de la Jeunesse, des sports et de la&hellip;&nbsp;<a href=\"https:\/\/cdtt34.fr\/index.php\/gdvb\/\" class=\"\" rel=\"bookmark\">Lire la suite &raquo;<span class=\"screen-reader-text\">GDVB<\/span><\/a><\/p>\n","protected":false},"author":1,"featured_media":2606,"parent":0,"menu_order":0,"comment_status":"closed","ping_status":"closed","template":"","meta":{"neve_meta_sidebar":"","neve_meta_container":"","neve_meta_enable_content_width":"","neve_meta_content_width":0,"neve_meta_title_alignment":"","neve_meta_author_avatar":"","neve_post_elements_order":"","neve_meta_disable_header":"","neve_meta_disable_footer":"","neve_meta_disable_title":"","footnotes":""},"class_list":["post-2601","page","type-page","status-publish","has-post-thumbnail","hentry"],"_links":{"self":[{"href":"https:\/\/cdtt34.fr\/index.php\/wp-json\/wp\/v2\/pages\/2601","targetHints":{"allow":["GET"]}}],"collection":[{"href":"https:\/\/cdtt34.fr\/index.php\/wp-json\/wp\/v2\/pages"}],"about":[{"href":"https:\/\/cdtt34.fr\/index.php\/wp-json\/wp\/v2\/types\/page"}],"author":[{"embeddable":true,"href":"https:\/\/cdtt34.fr\/index.php\/wp-json\/wp\/v2\/users\/1"}],"replies":[{"embeddable":true,"href":"https:\/\/cdtt34.fr\/index.php\/wp-json\/wp\/v2\/comments?post=2601"}],"version-history":[{"count":9,"href":"https:\/\/cdtt34.fr\/index.php\/wp-json\/wp\/v2\/pages\/2601\/revisions"}],"predecessor-version":[{"id":3516,"href":"https:\/\/cdtt34.fr\/index.php\/wp-json\/wp\/v2\/pages\/2601\/revisions\/3516"}],"wp:featuredmedia":[{"embeddable":true,"href":"https:\/\/cdtt34.fr\/index.php\/wp-json\/wp\/v2\/media\/2606"}],"wp:attachment":[{"href":"https:\/\/cdtt34.fr\/index.php\/wp-json\/wp\/v2\/media?parent=2601"}],"curies":[{"name":"wp","href":"https:\/\/api.w.org\/{rel}","templated":true}]}}