{"id":1895,"date":"2022-09-28T16:50:50","date_gmt":"2022-09-28T14:50:50","guid":{"rendered":"http:\/\/cdtt34.fr\/?page_id=1895"},"modified":"2026-03-25T13:20:04","modified_gmt":"2026-03-25T12:20:04","slug":"finales-par-classement","status":"publish","type":"page","link":"https:\/\/cdtt34.fr\/index.php\/finales-par-classement\/","title":{"rendered":"FINALES PAR CLASSEMENT"},"content":{"rendered":"\t\t<div data-elementor-type=\"wp-page\" data-elementor-id=\"1895\" class=\"elementor elementor-1895\">\n\t\t\t\t\t\t<section class=\"elementor-section elementor-top-section elementor-element elementor-element-492fdb4 elementor-section-boxed elementor-section-height-default elementor-section-height-default\" data-id=\"492fdb4\" data-element_type=\"section\">\n\t\t\t\t\t\t<div class=\"elementor-container elementor-column-gap-default\">\n\t\t\t\t\t<div class=\"elementor-column elementor-col-100 elementor-top-column elementor-element elementor-element-9f6b0ed\" data-id=\"9f6b0ed\" data-element_type=\"column\">\n\t\t\t<div class=\"elementor-widget-wrap elementor-element-populated\">\n\t\t\t\t\t\t<div class=\"elementor-element elementor-element-63beec3 elementor-widget elementor-widget-text-editor\" data-id=\"63beec3\" data-element_type=\"widget\" data-widget_type=\"text-editor.default\">\n\t\t\t\t<div class=\"elementor-widget-container\">\n\t\t\t\t\t\t\t\t\t<h3 style=\"color: #d20073;\">Engagement aux finales par Classement<br \/>Echelon d\u00e9partmental H\u00e9rault<\/h3><p>Les Finales par Classement ( \u00c9chelon D\u00e9partemental ) se d\u00e9rouleront :<br \/>Le samedi 28 \/ 03 \/ 2025 pour toutes les cat\u00e9gories<br \/>Au Gymnase Bernard Jeu<br \/>Rue de la m\u00e9diterran\u00e9e , 34140 M\u00e8ze<\/p><p>Les horaires annonc\u00e9s sur la convocation seront ajust\u00e9s en fonction des retours des inscriptions.<\/p><p><strong style=\"color: #d20073;\">Inscriptions jusqu&rsquo;au Jeudi 26 mars 2026 inclus.<br \/><\/strong><br \/>Pour inscrire les participants ( Classement de la 2\u00e8me phase pris en compte ).<\/p><h4>Sur l&rsquo;espace MON CLUB :<\/h4><ul><li>Je me connecte sur l&rsquo;espace monclub de SPID<\/li><li>Je clique sur \u00ab\u00a0Sportifs\u201c dans le menu puis sur \u201dEngagements finales par classements\u00a0\u00bb<\/li><li>Je coche les joueurs que je veux inscrire et je clique sur enregistrer<br \/>(seuls les joueurs dont la licence est valid\u00e9e apparaissent)<\/li><\/ul><h4>Sur l&rsquo;espace MA LICENCE :<\/h4><ul><li>Je me connecte sur Mon espace licenci\u00e9<\/li><li>Je clique sur \u00a0\u00bb \u00c9preuves\u201c , je clique sur \u201c Engagements \u201d<\/li><li>Je coche \u201dEngagements finales par classements\u201c et je clique sur \u201d S&rsquo;engager \u00ab\u00a0<\/li><\/ul><p>Si un joueur inscrit est finalement dans l\u2019incapacit\u00e9 de participer, il devra en avertir le responsable de la comp\u00e9tition le plus t\u00f4t possible.<\/p><p><strong>Cas particulier des f\u00e9minines :<\/strong><br \/>Toutes les f\u00e9minines inscrites au niveau d\u00e9partemental seront qualifi\u00e9es pour le niveau r\u00e9gional.<br \/>Pour les f\u00e9minines, veuillez me confirmer votre pr\u00e9sence par mail \u00e0 l&rsquo;adresse ci dessous afin de savoir si la comp\u00e9tition sera organis\u00e9e.<br \/><br \/><\/p><h3 dir=\"auto\">Horaires et cat\u00e9gories :<\/h3><div dir=\"auto\"><span class=\"html-span xexx8yu xyri2b x18d9i69 x1c1uobl x1hl2dhg x16tdsg8 x1vvkbs x3nfvp2 x1j61x8r x1fcty0u xdj266r xat24cr xm2jcoa x1mpyi22 xxymvpz xlup9mm x1kky2od\"><img decoding=\"async\" class=\"xz74otr x15mokao x1ga7v0g x16uus16 xbiv7yw\" src=\"https:\/\/static.xx.fbcdn.net\/images\/emoji.php\/v9\/tf0\/2\/16\/1f449.png\" alt=\"\ud83d\udc49\" width=\"16\" height=\"16\" \/><\/span> Cat\u00e9gorie H8 : Pointage 8h &#8211; D\u00e9but 9h<\/div><div dir=\"auto\"><span class=\"html-span xexx8yu xyri2b x18d9i69 x1c1uobl x1hl2dhg x16tdsg8 x1vvkbs x3nfvp2 x1j61x8r x1fcty0u xdj266r xat24cr xm2jcoa x1mpyi22 xxymvpz xlup9mm x1kky2od\"><img decoding=\"async\" class=\"xz74otr x15mokao x1ga7v0g x16uus16 xbiv7yw\" src=\"https:\/\/static.xx.fbcdn.net\/images\/emoji.php\/v9\/tf0\/2\/16\/1f449.png\" alt=\"\ud83d\udc49\" width=\"16\" height=\"16\" \/><\/span> Cat\u00e9gorie H10 : Pointage 11h &#8211; D\u00e9but 12h<\/div><div dir=\"auto\"><span class=\"html-span xexx8yu xyri2b x18d9i69 x1c1uobl x1hl2dhg x16tdsg8 x1vvkbs x3nfvp2 x1j61x8r x1fcty0u xdj266r xat24cr xm2jcoa x1mpyi22 xxymvpz xlup9mm x1kky2od\"><img decoding=\"async\" class=\"xz74otr x15mokao x1ga7v0g x16uus16 xbiv7yw\" src=\"https:\/\/static.xx.fbcdn.net\/images\/emoji.php\/v9\/tf0\/2\/16\/1f449.png\" alt=\"\ud83d\udc49\" width=\"16\" height=\"16\" \/><\/span> Cat\u00e9gorie H12 : Pointage 13h &#8211; D\u00e9but 14h<\/div><div dir=\"auto\"><span class=\"html-span xexx8yu xyri2b x18d9i69 x1c1uobl x1hl2dhg x16tdsg8 x1vvkbs x3nfvp2 x1j61x8r x1fcty0u xdj266r xat24cr xm2jcoa x1mpyi22 xxymvpz xlup9mm x1kky2od\"><img decoding=\"async\" class=\"xz74otr x15mokao x1ga7v0g x16uus16 xbiv7yw\" src=\"https:\/\/static.xx.fbcdn.net\/images\/emoji.php\/v9\/tf0\/2\/16\/1f449.png\" alt=\"\ud83d\udc49\" width=\"16\" height=\"16\" \/><\/span> Cat\u00e9gorie H15 : Pointage 13h &#8211; D\u00e9but 14h<\/div><div dir=\"auto\"><span class=\"html-span xexx8yu xyri2b x18d9i69 x1c1uobl x1hl2dhg x16tdsg8 x1vvkbs x3nfvp2 x1j61x8r x1fcty0u xdj266r xat24cr xm2jcoa x1mpyi22 xxymvpz xlup9mm x1kky2od\"><img decoding=\"async\" class=\"xz74otr x15mokao x1ga7v0g x16uus16 xbiv7yw\" src=\"https:\/\/static.xx.fbcdn.net\/images\/emoji.php\/v9\/tf0\/2\/16\/1f449.png\" alt=\"\ud83d\udc49\" width=\"16\" height=\"16\" \/><\/span> Cat\u00e9gorie F5, F7, F10, F12 : Pointage 13h &#8211; D\u00e9but 14h<br \/><br \/><\/div><p>Frais d&rsquo;inscription :<br \/>Comme le crit\u00e9rium v\u00e9t\u00e9rans, les frais d&rsquo;inscriptions ( 8 euros ) aux finales par classement seront \u00e0 r\u00e9gler aux dirigeants de votre club. Le CDTT34 enverra aux clubs la facture \u00e0 r\u00e9gler.<\/p><p>Finales par classement, \u00c9chelon r\u00e9gional : La comp\u00e9tition aura lieu le samedi 18\/19 avril 2026 \u00e0 Saint Lys (31)<\/p>\t\t\t\t\t\t\t\t<\/div>\n\t\t\t\t<\/div>\n\t\t\t\t<section class=\"elementor-section elementor-inner-section elementor-element elementor-element-dc569dd elementor-section-boxed elementor-section-height-default elementor-section-height-default\" data-id=\"dc569dd\" data-element_type=\"section\">\n\t\t\t\t\t\t<div class=\"elementor-container elementor-column-gap-default\">\n\t\t\t\t\t<div class=\"elementor-column elementor-col-50 elementor-inner-column elementor-element elementor-element-6a47062\" data-id=\"6a47062\" data-element_type=\"column\">\n\t\t\t<div class=\"elementor-widget-wrap elementor-element-populated\">\n\t\t\t\t\t\t<div class=\"elementor-element elementor-element-ea5aa38 elementor-align-center elementor-widget elementor-widget-button\" data-id=\"ea5aa38\" data-element_type=\"widget\" data-widget_type=\"button.default\">\n\t\t\t\t<div class=\"elementor-widget-container\">\n\t\t\t\t\t\t\t\t\t<div class=\"elementor-button-wrapper\">\n\t\t\t\t\t<a class=\"elementor-button elementor-button-link elementor-size-sm\" href=\"https:\/\/docs.google.com\/document\/d\/1d2_W4zaZmTHKgSz3VPjLdrf6W4xb_UTJOdSaPJSBlcI\/edit?tab=t.0\" target=\"_blank\" rel=\"nofollow\">\n\t\t\t\t\t\t<span class=\"elementor-button-content-wrapper\">\n\t\t\t\t\t\t<span class=\"elementor-button-icon\">\n\t\t\t\t<i aria-hidden=\"true\" class=\"fas fa-file-download\"><\/i>\t\t\t<\/span>\n\t\t\t\t\t\t\t\t\t<span class=\"elementor-button-text\">Convocation \u00e0 la comp\u00e9tition<\/span>\n\t\t\t\t\t<\/span>\n\t\t\t\t\t<\/a>\n\t\t\t\t<\/div>\n\t\t\t\t\t\t\t\t<\/div>\n\t\t\t\t<\/div>\n\t\t\t\t\t<\/div>\n\t\t<\/div>\n\t\t\t\t<div class=\"elementor-column elementor-col-50 elementor-inner-column elementor-element elementor-element-7dc33f5\" data-id=\"7dc33f5\" data-element_type=\"column\">\n\t\t\t<div class=\"elementor-widget-wrap elementor-element-populated\">\n\t\t\t\t\t\t<div class=\"elementor-element elementor-element-4b6c5d0 elementor-align-center elementor-widget elementor-widget-button\" data-id=\"4b6c5d0\" data-element_type=\"widget\" data-widget_type=\"button.default\">\n\t\t\t\t<div class=\"elementor-widget-container\">\n\t\t\t\t\t\t\t\t\t<div class=\"elementor-button-wrapper\">\n\t\t\t\t\t<a class=\"elementor-button elementor-button-link elementor-size-sm\" href=\"https:\/\/docs.google.com\/spreadsheets\/d\/1A0TIOl-Ew9xJ2Ga_DTxhZZj7rKRHmFgfp65z_xCULhk\/edit?gid=1158285856#gid=1158285856\" target=\"_blank\" rel=\"nofollow\">\n\t\t\t\t\t\t<span class=\"elementor-button-content-wrapper\">\n\t\t\t\t\t\t<span class=\"elementor-button-icon\">\n\t\t\t\t<i aria-hidden=\"true\" class=\"fas fa-file-download\"><\/i>\t\t\t<\/span>\n\t\t\t\t\t\t\t\t\t<span class=\"elementor-button-text\">Liste des participants<\/span>\n\t\t\t\t\t<\/span>\n\t\t\t\t\t<\/a>\n\t\t\t\t<\/div>\n\t\t\t\t\t\t\t\t<\/div>\n\t\t\t\t<\/div>\n\t\t\t\t\t<\/div>\n\t\t<\/div>\n\t\t\t\t\t<\/div>\n\t\t<\/section>\n\t\t\t\t\t<\/div>\n\t\t<\/div>\n\t\t\t\t\t<\/div>\n\t\t<\/section>\n\t\t\t\t<section class=\"elementor-section elementor-top-section elementor-element elementor-element-139863c elementor-section-boxed elementor-section-height-default elementor-section-height-default\" data-id=\"139863c\" data-element_type=\"section\">\n\t\t\t\t\t\t<div class=\"elementor-container elementor-column-gap-default\">\n\t\t\t\t\t<div class=\"elementor-column elementor-col-100 elementor-top-column elementor-element elementor-element-96c3130\" data-id=\"96c3130\" data-element_type=\"column\">\n\t\t\t<div class=\"elementor-widget-wrap elementor-element-populated\">\n\t\t\t\t\t\t<div class=\"elementor-element elementor-element-e1ba067 elementor-arrows-position-inside elementor-invisible elementor-widget elementor-widget-image-carousel\" data-id=\"e1ba067\" data-element_type=\"widget\" data-settings=\"{&quot;slides_to_show&quot;:&quot;2&quot;,&quot;navigation&quot;:&quot;arrows&quot;,&quot;_animation&quot;:&quot;fadeIn&quot;,&quot;autoplay&quot;:&quot;yes&quot;,&quot;pause_on_hover&quot;:&quot;yes&quot;,&quot;pause_on_interaction&quot;:&quot;yes&quot;,&quot;autoplay_speed&quot;:5000,&quot;infinite&quot;:&quot;yes&quot;,&quot;speed&quot;:500,&quot;image_spacing_custom&quot;:{&quot;unit&quot;:&quot;px&quot;,&quot;size&quot;:20,&quot;sizes&quot;:[]},&quot;image_spacing_custom_tablet&quot;:{&quot;unit&quot;:&quot;px&quot;,&quot;size&quot;:&quot;&quot;,&quot;sizes&quot;:[]},&quot;image_spacing_custom_mobile&quot;:{&quot;unit&quot;:&quot;px&quot;,&quot;size&quot;:&quot;&quot;,&quot;sizes&quot;:[]}}\" data-widget_type=\"image-carousel.default\">\n\t\t\t\t<div class=\"elementor-widget-container\">\n\t\t\t\t\t\t\t<div class=\"elementor-image-carousel-wrapper swiper\" role=\"region\" aria-roledescription=\"carousel\" aria-label=\"Carrousel d\u2019images\" dir=\"ltr\">\n\t\t\t<div class=\"elementor-image-carousel swiper-wrapper\" aria-live=\"off\">\n\t\t\t\t\t\t\t\t<div class=\"swiper-slide\" role=\"group\" aria-roledescription=\"slide\" aria-label=\"1 sur 7\"><figure class=\"swiper-slide-inner\"><img decoding=\"async\" class=\"swiper-slide-image\" src=\"https:\/\/cdtt34.fr\/wp-content\/uploads\/2023\/02\/326225308_750556376338322_7736874538286712379_n.jpg\" alt=\"326225308_750556376338322_7736874538286712379_n\" \/><\/figure><\/div><div class=\"swiper-slide\" role=\"group\" aria-roledescription=\"slide\" aria-label=\"2 sur 7\"><figure class=\"swiper-slide-inner\"><img decoding=\"async\" class=\"swiper-slide-image\" src=\"https:\/\/cdtt34.fr\/wp-content\/uploads\/2023\/02\/326900956_552812306800335_7953897835271293222_n.jpg\" alt=\"326900956_552812306800335_7953897835271293222_n\" \/><\/figure><\/div><div class=\"swiper-slide\" role=\"group\" aria-roledescription=\"slide\" aria-label=\"3 sur 7\"><figure class=\"swiper-slide-inner\"><img decoding=\"async\" class=\"swiper-slide-image\" src=\"https:\/\/cdtt34.fr\/wp-content\/uploads\/2023\/02\/326750476_709438427300402_3537647354878274750_n.jpg\" alt=\"326750476_709438427300402_3537647354878274750_n\" \/><\/figure><\/div><div class=\"swiper-slide\" role=\"group\" aria-roledescription=\"slide\" aria-label=\"4 sur 7\"><figure class=\"swiper-slide-inner\"><img decoding=\"async\" class=\"swiper-slide-image\" src=\"https:\/\/cdtt34.fr\/wp-content\/uploads\/2023\/02\/320106277_587792639971117_8272831833029327243_n-1.jpg\" alt=\"320106277_587792639971117_8272831833029327243_n-1\" \/><\/figure><\/div><div class=\"swiper-slide\" role=\"group\" aria-roledescription=\"slide\" aria-label=\"5 sur 7\"><figure class=\"swiper-slide-inner\"><img decoding=\"async\" class=\"swiper-slide-image\" src=\"https:\/\/cdtt34.fr\/wp-content\/uploads\/2023\/02\/320106277_587792639971117_8272831833029327243_n.jpg\" alt=\"320106277_587792639971117_8272831833029327243_n\" \/><\/figure><\/div><div class=\"swiper-slide\" role=\"group\" aria-roledescription=\"slide\" aria-label=\"6 sur 7\"><figure class=\"swiper-slide-inner\"><img decoding=\"async\" class=\"swiper-slide-image\" src=\"https:\/\/cdtt34.fr\/wp-content\/uploads\/2023\/02\/326402503_5314666185301057_1497565890843850413_n.jpg\" alt=\"326402503_5314666185301057_1497565890843850413_n\" \/><\/figure><\/div><div class=\"swiper-slide\" role=\"group\" aria-roledescription=\"slide\" aria-label=\"7 sur 7\"><figure class=\"swiper-slide-inner\"><img decoding=\"async\" class=\"swiper-slide-image\" src=\"https:\/\/cdtt34.fr\/wp-content\/uploads\/2023\/02\/327785401_747689979909555_5955576760449759055_n.jpg\" alt=\"327785401_747689979909555_5955576760449759055_n\" \/><\/figure><\/div>\t\t\t<\/div>\n\t\t\t\t\t\t\t\t\t\t\t\t<div class=\"elementor-swiper-button elementor-swiper-button-prev\" role=\"button\" tabindex=\"0\">\n\t\t\t\t\t\t<i aria-hidden=\"true\" class=\"eicon-chevron-left\"><\/i>\t\t\t\t\t<\/div>\n\t\t\t\t\t<div class=\"elementor-swiper-button elementor-swiper-button-next\" role=\"button\" tabindex=\"0\">\n\t\t\t\t\t\t<i aria-hidden=\"true\" class=\"eicon-chevron-right\"><\/i>\t\t\t\t\t<\/div>\n\t\t\t\t\n\t\t\t\t\t\t\t\t\t<\/div>\n\t\t\t\t\t\t<\/div>\n\t\t\t\t<\/div>\n\t\t\t\t\t<\/div>\n\t\t<\/div>\n\t\t\t\t\t<\/div>\n\t\t<\/section>\n\t\t\t\t<section class=\"elementor-section elementor-top-section elementor-element elementor-element-0741e59 elementor-section-boxed elementor-section-height-default elementor-section-height-default\" data-id=\"0741e59\" data-element_type=\"section\">\n\t\t\t\t\t\t<div class=\"elementor-container elementor-column-gap-default\">\n\t\t\t\t\t<div class=\"elementor-column elementor-col-100 elementor-top-column elementor-element elementor-element-b975345\" data-id=\"b975345\" data-element_type=\"column\">\n\t\t\t<div class=\"elementor-widget-wrap\">\n\t\t\t\t\t\t\t<\/div>\n\t\t<\/div>\n\t\t\t\t\t<\/div>\n\t\t<\/section>\n\t\t\t\t<\/div>\n\t\t","protected":false},"excerpt":{"rendered":"<p>Engagement aux finales par ClassementEchelon d\u00e9partmental H\u00e9rault Les Finales par Classement ( \u00c9chelon D\u00e9partemental ) se d\u00e9rouleront :Le samedi 28 \/ 03 \/ 2025 pour toutes les cat\u00e9goriesAu Gymnase Bernard JeuRue de la m\u00e9diterran\u00e9e , 34140 M\u00e8ze Les horaires annonc\u00e9s sur la convocation seront ajust\u00e9s en fonction des retours des inscriptions. Inscriptions jusqu&rsquo;au Jeudi 26&hellip;&nbsp;<a href=\"https:\/\/cdtt34.fr\/index.php\/finales-par-classement\/\" class=\"\" rel=\"bookmark\">Lire la suite &raquo;<span class=\"screen-reader-text\">FINALES PAR CLASSEMENT<\/span><\/a><\/p>\n","protected":false},"author":1,"featured_media":2748,"parent":0,"menu_order":0,"comment_status":"closed","ping_status":"closed","template":"","meta":{"neve_meta_sidebar":"","neve_meta_container":"","neve_meta_enable_content_width":"","neve_meta_content_width":0,"neve_meta_title_alignment":"","neve_meta_author_avatar":"","neve_post_elements_order":"","neve_meta_disable_header":"","neve_meta_disable_footer":"","neve_meta_disable_title":"","footnotes":""},"class_list":["post-1895","page","type-page","status-publish","has-post-thumbnail","hentry"],"_links":{"self":[{"href":"https:\/\/cdtt34.fr\/index.php\/wp-json\/wp\/v2\/pages\/1895","targetHints":{"allow":["GET"]}}],"collection":[{"href":"https:\/\/cdtt34.fr\/index.php\/wp-json\/wp\/v2\/pages"}],"about":[{"href":"https:\/\/cdtt34.fr\/index.php\/wp-json\/wp\/v2\/types\/page"}],"author":[{"embeddable":true,"href":"https:\/\/cdtt34.fr\/index.php\/wp-json\/wp\/v2\/users\/1"}],"replies":[{"embeddable":true,"href":"https:\/\/cdtt34.fr\/index.php\/wp-json\/wp\/v2\/comments?post=1895"}],"version-history":[{"count":40,"href":"https:\/\/cdtt34.fr\/index.php\/wp-json\/wp\/v2\/pages\/1895\/revisions"}],"predecessor-version":[{"id":5330,"href":"https:\/\/cdtt34.fr\/index.php\/wp-json\/wp\/v2\/pages\/1895\/revisions\/5330"}],"wp:featuredmedia":[{"embeddable":true,"href":"https:\/\/cdtt34.fr\/index.php\/wp-json\/wp\/v2\/media\/2748"}],"wp:attachment":[{"href":"https:\/\/cdtt34.fr\/index.php\/wp-json\/wp\/v2\/media?parent=1895"}],"curies":[{"name":"wp","href":"https:\/\/api.w.org\/{rel}","templated":true}]}}